{"id":4423,"date":"2018-06-01T11:23:58","date_gmt":"2018-06-01T09:23:58","guid":{"rendered":"https:\/\/www.arem.fr\/kontakt\/export\/"},"modified":"2022-11-16T17:35:10","modified_gmt":"2022-11-16T16:35:10","slug":"exportverkaufsservice","status":"publish","type":"page","link":"https:\/\/www.arem.fr\/de\/kontakt\/exportverkaufsservice\/","title":{"rendered":"Exportverkaufsservice"},"content":{"rendered":"<p>Pr\u00e9sent \u00e0 l&#8217;international, AREM vous accompagne pour l&#8217;ensemble de vos projets.<\/p>\n<p><img loading=\"lazy\" decoding=\"async\" class=\"alignnone size-medium wp-image-3414\" src=\"https:\/\/www.arem.fr\/wp-content\/uploads\/2020\/03\/map-307442-300x161.png\" alt=\"\" width=\"300\" height=\"161\" srcset=\"https:\/\/www.arem.fr\/wp-content\/uploads\/2020\/03\/map-307442-300x161.png 300w, https:\/\/www.arem.fr\/wp-content\/uploads\/2020\/03\/map-307442-1024x550.png 1024w, https:\/\/www.arem.fr\/wp-content\/uploads\/2020\/03\/map-307442-768x413.png 768w, https:\/\/www.arem.fr\/wp-content\/uploads\/2020\/03\/map-307442-1536x826.png 1536w, https:\/\/www.arem.fr\/wp-content\/uploads\/2020\/03\/map-307442.png 1920w\" sizes=\"auto, (max-width: 300px) 100vw, 300px\" \/><\/p>\n<p>&nbsp;<\/p>\n<p><span style=\"text-decoration: underline;\"><span style=\"font-size: 20px;\">L&#8217;EQUIPE EXPORT<\/span><\/span><\/p>\n<p>Notre service export est \u00e0 votre \u00e9coute pour toute demande, n&#8217;h\u00e9sitez pas \u00e0 nous contacter:<\/p>\n<table style=\"width: 72.9611%; border-collapse: collapse; height: 181px;\">\n<tbody>\n<tr style=\"height: 181px;\">\n<td style=\"width: 18.1713%; text-align: center; height: 181px;\">Nicolas SOULIER<\/p>\n<p>Responsable Export<\/p>\n<p>Tel : +33 (0)6.84.94.46.26<\/p>\n<p><u><a href=\"mailto:nicolas.soulier@arem.fr\">nicolas.soulier@arem.fr<\/a><\/u><\/td>\n<td style=\"width: 18.7873%; text-align: center; height: 181px;\">Ang\u00e9lique CLAVEL<\/p>\n<p>Commerciale Export<\/p>\n<p>Tel: +33 (0)6.21.56.54.02<\/p>\n<p><u><a href=\"mailto:angelique.clavel@arem.fr\">angelique.clavel@arem.fr<\/a><\/u><\/td>\n<td style=\"width: 20.2396%; text-align: center; height: 181px;\">Vincent MAYER<\/p>\n<p>Commercial Export<\/p>\n<p>Tel: +33 (0)7 85 03 59 92<\/p>\n<p><u><a href=\"mailto:vincent.mayer@arem.fr\">vincent.mayer@arem.fr<\/a><\/u><\/td>\n<\/tr>\n<\/tbody>\n<\/table>\n<p>&nbsp;<\/p>\n","protected":false},"excerpt":{"rendered":"<p>Pr\u00e9sent \u00e0 l&#8217;international, AREM vous accompagne pour l&#8217;ensemble de vos projets. &nbsp; L&#8217;EQUIPE EXPORT Notre service export est \u00e0 votre \u00e9coute pour toute demande, n&#8217;h\u00e9sitez pas \u00e0 nous contacter: Nicolas [&hellip;]<\/p>\n","protected":false},"author":1,"featured_media":0,"parent":3748,"menu_order":0,"comment_status":"closed","ping_status":"closed","template":"templates\/contact-2.php","meta":{"_acf_changed":false,"footnotes":""},"class_list":["post-4423","page","type-page","status-publish","hentry"],"acf":[],"yoast_head":"<!-- This site is optimized with the Yoast SEO plugin v27.5 - https:\/\/yoast.com\/product\/yoast-seo-wordpress\/ -->\n<title>Exportverkaufsservice - AREM - The Ventilation Performance<\/title>\n<meta name=\"robots\" content=\"index, follow, max-snippet:-1, max-image-preview:large, max-video-preview:-1\" \/>\n<link rel=\"canonical\" href=\"https:\/\/www.arem.fr\/de\/kontakt\/exportverkaufsservice\/\" \/>\n<meta property=\"og:locale\" content=\"de_DE\" \/>\n<meta property=\"og:type\" content=\"article\" \/>\n<meta property=\"og:title\" content=\"Exportverkaufsservice - AREM - The Ventilation Performance\" \/>\n<meta property=\"og:description\" content=\"Pr\u00e9sent \u00e0 l&#8217;international, AREM vous accompagne pour l&#8217;ensemble de vos projets. &nbsp; L&#8217;EQUIPE EXPORT Notre service export est \u00e0 votre \u00e9coute pour toute demande, n&#8217;h\u00e9sitez pas \u00e0 nous contacter: Nicolas [&hellip;]\" \/>\n<meta property=\"og:url\" content=\"https:\/\/www.arem.fr\/de\/kontakt\/exportverkaufsservice\/\" \/>\n<meta property=\"og:site_name\" content=\"AREM - The Ventilation Performance\" \/>\n<meta property=\"article:modified_time\" content=\"2022-11-16T16:35:10+00:00\" \/>\n<meta property=\"og:image\" content=\"https:\/\/www.arem.fr\/wp-content\/uploads\/2020\/03\/map-307442-300x161.png\" \/>\n<meta name=\"twitter:card\" content=\"summary_large_image\" \/>\n<meta name=\"twitter:label1\" content=\"Gesch\u00e4tzte Lesezeit\" \/>\n\t<meta name=\"twitter:data1\" content=\"1\u00a0Minute\" \/>\n<script type=\"application\/ld+json\" class=\"yoast-schema-graph\">{\"@context\":\"https:\\\/\\\/schema.org\",\"@graph\":[{\"@type\":\"WebPage\",\"@id\":\"https:\\\/\\\/www.arem.fr\\\/de\\\/kontakt\\\/exportverkaufsservice\\\/\",\"url\":\"https:\\\/\\\/www.arem.fr\\\/de\\\/kontakt\\\/exportverkaufsservice\\\/\",\"name\":\"Exportverkaufsservice - AREM - The Ventilation Performance\",\"isPartOf\":{\"@id\":\"https:\\\/\\\/www.arem.fr\\\/de\\\/#website\"},\"primaryImageOfPage\":{\"@id\":\"https:\\\/\\\/www.arem.fr\\\/de\\\/kontakt\\\/exportverkaufsservice\\\/#primaryimage\"},\"image\":{\"@id\":\"https:\\\/\\\/www.arem.fr\\\/de\\\/kontakt\\\/exportverkaufsservice\\\/#primaryimage\"},\"thumbnailUrl\":\"https:\\\/\\\/www.arem.fr\\\/wp-content\\\/uploads\\\/2020\\\/03\\\/map-307442-300x161.png\",\"datePublished\":\"2018-06-01T09:23:58+00:00\",\"dateModified\":\"2022-11-16T16:35:10+00:00\",\"breadcrumb\":{\"@id\":\"https:\\\/\\\/www.arem.fr\\\/de\\\/kontakt\\\/exportverkaufsservice\\\/#breadcrumb\"},\"inLanguage\":\"de\",\"potentialAction\":[{\"@type\":\"ReadAction\",\"target\":[\"https:\\\/\\\/www.arem.fr\\\/de\\\/kontakt\\\/exportverkaufsservice\\\/\"]}]},{\"@type\":\"ImageObject\",\"inLanguage\":\"de\",\"@id\":\"https:\\\/\\\/www.arem.fr\\\/de\\\/kontakt\\\/exportverkaufsservice\\\/#primaryimage\",\"url\":\"https:\\\/\\\/www.arem.fr\\\/wp-content\\\/uploads\\\/2020\\\/03\\\/map-307442-300x161.png\",\"contentUrl\":\"https:\\\/\\\/www.arem.fr\\\/wp-content\\\/uploads\\\/2020\\\/03\\\/map-307442-300x161.png\"},{\"@type\":\"BreadcrumbList\",\"@id\":\"https:\\\/\\\/www.arem.fr\\\/de\\\/kontakt\\\/exportverkaufsservice\\\/#breadcrumb\",\"itemListElement\":[{\"@type\":\"ListItem\",\"position\":1,\"name\":\"Accueil\",\"item\":\"https:\\\/\\\/www.arem.fr\\\/de\\\/\"},{\"@type\":\"ListItem\",\"position\":2,\"name\":\"Kontakt\",\"item\":\"https:\\\/\\\/www.arem.fr\\\/de\\\/kontakt\\\/?lang=de\"},{\"@type\":\"ListItem\",\"position\":3,\"name\":\"Exportverkaufsservice\"}]},{\"@type\":\"WebSite\",\"@id\":\"https:\\\/\\\/www.arem.fr\\\/de\\\/#website\",\"url\":\"https:\\\/\\\/www.arem.fr\\\/de\\\/\",\"name\":\"AREM - The Ventilation Performance\",\"description\":\"Depuis plus de 50 ans, AREM - The Ventilation Performance, vous propose une large gamme de ventilateurs, H\u00e9lico\u00efdaux et Centrifuges\",\"publisher\":{\"@id\":\"https:\\\/\\\/www.arem.fr\\\/de\\\/#organization\"},\"potentialAction\":[{\"@type\":\"SearchAction\",\"target\":{\"@type\":\"EntryPoint\",\"urlTemplate\":\"https:\\\/\\\/www.arem.fr\\\/de\\\/?s={search_term_string}\"},\"query-input\":{\"@type\":\"PropertyValueSpecification\",\"valueRequired\":true,\"valueName\":\"search_term_string\"}}],\"inLanguage\":\"de\"},{\"@type\":\"Organization\",\"@id\":\"https:\\\/\\\/www.arem.fr\\\/de\\\/#organization\",\"name\":\"AREM - The Ventillation Performance\",\"url\":\"https:\\\/\\\/www.arem.fr\\\/de\\\/\",\"logo\":{\"@type\":\"ImageObject\",\"inLanguage\":\"de\",\"@id\":\"https:\\\/\\\/www.arem.fr\\\/de\\\/#\\\/schema\\\/logo\\\/image\\\/\",\"url\":\"https:\\\/\\\/www.arem.fr\\\/wp-content\\\/uploads\\\/2018\\\/05\\\/arem-logo.png\",\"contentUrl\":\"https:\\\/\\\/www.arem.fr\\\/wp-content\\\/uploads\\\/2018\\\/05\\\/arem-logo.png\",\"width\":700,\"height\":332,\"caption\":\"AREM - The Ventillation Performance\"},\"image\":{\"@id\":\"https:\\\/\\\/www.arem.fr\\\/de\\\/#\\\/schema\\\/logo\\\/image\\\/\"}}]}<\/script>\n<!-- \/ Yoast SEO plugin. -->","yoast_head_json":{"title":"Exportverkaufsservice - AREM - The Ventilation Performance","robots":{"index":"index","follow":"follow","max-snippet":"max-snippet:-1","max-image-preview":"max-image-preview:large","max-video-preview":"max-video-preview:-1"},"canonical":"https:\/\/www.arem.fr\/de\/kontakt\/exportverkaufsservice\/","og_locale":"de_DE","og_type":"article","og_title":"Exportverkaufsservice - AREM - The Ventilation Performance","og_description":"Pr\u00e9sent \u00e0 l&#8217;international, AREM vous accompagne pour l&#8217;ensemble de vos projets. &nbsp; L&#8217;EQUIPE EXPORT Notre service export est \u00e0 votre \u00e9coute pour toute demande, n&#8217;h\u00e9sitez pas \u00e0 nous contacter: Nicolas [&hellip;]","og_url":"https:\/\/www.arem.fr\/de\/kontakt\/exportverkaufsservice\/","og_site_name":"AREM - The Ventilation Performance","article_modified_time":"2022-11-16T16:35:10+00:00","og_image":[{"url":"https:\/\/www.arem.fr\/wp-content\/uploads\/2020\/03\/map-307442-300x161.png","type":"","width":"","height":""}],"twitter_card":"summary_large_image","twitter_misc":{"Gesch\u00e4tzte Lesezeit":"1\u00a0Minute"},"schema":{"@context":"https:\/\/schema.org","@graph":[{"@type":"WebPage","@id":"https:\/\/www.arem.fr\/de\/kontakt\/exportverkaufsservice\/","url":"https:\/\/www.arem.fr\/de\/kontakt\/exportverkaufsservice\/","name":"Exportverkaufsservice - AREM - The Ventilation Performance","isPartOf":{"@id":"https:\/\/www.arem.fr\/de\/#website"},"primaryImageOfPage":{"@id":"https:\/\/www.arem.fr\/de\/kontakt\/exportverkaufsservice\/#primaryimage"},"image":{"@id":"https:\/\/www.arem.fr\/de\/kontakt\/exportverkaufsservice\/#primaryimage"},"thumbnailUrl":"https:\/\/www.arem.fr\/wp-content\/uploads\/2020\/03\/map-307442-300x161.png","datePublished":"2018-06-01T09:23:58+00:00","dateModified":"2022-11-16T16:35:10+00:00","breadcrumb":{"@id":"https:\/\/www.arem.fr\/de\/kontakt\/exportverkaufsservice\/#breadcrumb"},"inLanguage":"de","potentialAction":[{"@type":"ReadAction","target":["https:\/\/www.arem.fr\/de\/kontakt\/exportverkaufsservice\/"]}]},{"@type":"ImageObject","inLanguage":"de","@id":"https:\/\/www.arem.fr\/de\/kontakt\/exportverkaufsservice\/#primaryimage","url":"https:\/\/www.arem.fr\/wp-content\/uploads\/2020\/03\/map-307442-300x161.png","contentUrl":"https:\/\/www.arem.fr\/wp-content\/uploads\/2020\/03\/map-307442-300x161.png"},{"@type":"BreadcrumbList","@id":"https:\/\/www.arem.fr\/de\/kontakt\/exportverkaufsservice\/#breadcrumb","itemListElement":[{"@type":"ListItem","position":1,"name":"Accueil","item":"https:\/\/www.arem.fr\/de\/"},{"@type":"ListItem","position":2,"name":"Kontakt","item":"https:\/\/www.arem.fr\/de\/kontakt\/?lang=de"},{"@type":"ListItem","position":3,"name":"Exportverkaufsservice"}]},{"@type":"WebSite","@id":"https:\/\/www.arem.fr\/de\/#website","url":"https:\/\/www.arem.fr\/de\/","name":"AREM - The Ventilation Performance","description":"Depuis plus de 50 ans, AREM - The Ventilation Performance, vous propose une large gamme de ventilateurs, H\u00e9lico\u00efdaux et Centrifuges","publisher":{"@id":"https:\/\/www.arem.fr\/de\/#organization"},"potentialAction":[{"@type":"SearchAction","target":{"@type":"EntryPoint","urlTemplate":"https:\/\/www.arem.fr\/de\/?s={search_term_string}"},"query-input":{"@type":"PropertyValueSpecification","valueRequired":true,"valueName":"search_term_string"}}],"inLanguage":"de"},{"@type":"Organization","@id":"https:\/\/www.arem.fr\/de\/#organization","name":"AREM - The Ventillation Performance","url":"https:\/\/www.arem.fr\/de\/","logo":{"@type":"ImageObject","inLanguage":"de","@id":"https:\/\/www.arem.fr\/de\/#\/schema\/logo\/image\/","url":"https:\/\/www.arem.fr\/wp-content\/uploads\/2018\/05\/arem-logo.png","contentUrl":"https:\/\/www.arem.fr\/wp-content\/uploads\/2018\/05\/arem-logo.png","width":700,"height":332,"caption":"AREM - The Ventillation Performance"},"image":{"@id":"https:\/\/www.arem.fr\/de\/#\/schema\/logo\/image\/"}}]}},"_links":{"self":[{"href":"https:\/\/www.arem.fr\/de\/wp-json\/wp\/v2\/pages\/4423","targetHints":{"allow":["GET"]}}],"collection":[{"href":"https:\/\/www.arem.fr\/de\/wp-json\/wp\/v2\/pages"}],"about":[{"href":"https:\/\/www.arem.fr\/de\/wp-json\/wp\/v2\/types\/page"}],"author":[{"embeddable":true,"href":"https:\/\/www.arem.fr\/de\/wp-json\/wp\/v2\/users\/1"}],"replies":[{"embeddable":true,"href":"https:\/\/www.arem.fr\/de\/wp-json\/wp\/v2\/comments?post=4423"}],"version-history":[{"count":5,"href":"https:\/\/www.arem.fr\/de\/wp-json\/wp\/v2\/pages\/4423\/revisions"}],"predecessor-version":[{"id":9182,"href":"https:\/\/www.arem.fr\/de\/wp-json\/wp\/v2\/pages\/4423\/revisions\/9182"}],"up":[{"embeddable":true,"href":"https:\/\/www.arem.fr\/de\/wp-json\/wp\/v2\/pages\/3748"}],"wp:attachment":[{"href":"https:\/\/www.arem.fr\/de\/wp-json\/wp\/v2\/media?parent=4423"}],"curies":[{"name":"wp","href":"https:\/\/api.w.org\/{rel}","templated":true}]}}

<p>Présent à l&#8217;international, AREM vous accompagne pour l&#8217;ensemble de vos projets.</p>
<p><img loading="lazy" decoding="async" class="alignnone size-medium wp-image-3414" src="https://www.arem.fr/wp-content/uploads/2020/03/map-307442-300x161.png" alt="" width="300" height="161" srcset="https://www.arem.fr/wp-content/uploads/2020/03/map-307442-300x161.png 300w, https://www.arem.fr/wp-content/uploads/2020/03/map-307442-1024x550.png 1024w, https://www.arem.fr/wp-content/uploads/2020/03/map-307442-768x413.png 768w, https://www.arem.fr/wp-content/uploads/2020/03/map-307442-1536x826.png 1536w, https://www.arem.fr/wp-content/uploads/2020/03/map-307442.png 1920w" sizes="auto, (max-width: 300px) 100vw, 300px" /></p>
<p>&nbsp;</p>
<p><span style="text-decoration: underline;"><span style="font-size: 20px;">L&#8217;EQUIPE EXPORT</span></span></p>
<p>Notre service export est à votre écoute pour toute demande, n&#8217;hésitez pas à nous contacter:</p>
<table style="width: 72.9611%; border-collapse: collapse; height: 181px;">
<tbody>
<tr style="height: 181px;">
<td style="width: 18.1713%; text-align: center; height: 181px;">Nicolas SOULIER</p>
<p>Responsable Export</p>
<p>Tel : +33 (0)6.84.94.46.26</p>
<p><u><a href="mailto:nicolas.soulier@arem.fr">nicolas.soulier@arem.fr</a></u></td>
<td style="width: 18.7873%; text-align: center; height: 181px;">Angélique CLAVEL</p>
<p>Commerciale Export</p>
<p>Tel: +33 (0)6.21.56.54.02</p>
<p><u><a href="mailto:angelique.clavel@arem.fr">angelique.clavel@arem.fr</a></u></td>
<td style="width: 20.2396%; text-align: center; height: 181px;">Vincent MAYER</p>
<p>Commercial Export</p>
<p>Tel: +33 (0)7 85 03 59 92</p>
<p><u><a href="mailto:vincent.mayer@arem.fr">vincent.mayer@arem.fr</a></u></td>
</tr>
</tbody>
</table>
<p>&nbsp;</p>

<p>Présent à l&#8217;international, AREM vous accompagne pour l&#8217;ensemble de vos projets. &nbsp; L&#8217;EQUIPE EXPORT Notre service export est à votre écoute pour toute demande, n&#8217;hésitez pas à nous contacter: Nicolas [&hellip;]</p>

<!-- This site is optimized with the Yoast SEO plugin v27.5 - https://yoast.com/product/yoast-seo-wordpress/ -->
<title>Exportverkaufsservice - AREM - The Ventilation Performance</title>
<meta name="robots" content="index, follow, max-snippet:-1, max-image-preview:large, max-video-preview:-1" />
<link rel="canonical" href="https://www.arem.fr/de/kontakt/exportverkaufsservice/" />
<meta property="og:locale" content="de_DE" />
<meta property="og:type" content="article" />
<meta property="og:title" content="Exportverkaufsservice - AREM - The Ventilation Performance" />
<meta property="og:description" content="Présent à l&#8217;international, AREM vous accompagne pour l&#8217;ensemble de vos projets. &nbsp; L&#8217;EQUIPE EXPORT Notre service export est à votre écoute pour toute demande, n&#8217;hésitez pas à nous contacter: Nicolas [&hellip;]" />
<meta property="og:url" content="https://www.arem.fr/de/kontakt/exportverkaufsservice/" />
<meta property="og:site_name" content="AREM - The Ventilation Performance" />
<meta property="article:modified_time" content="2022-11-16T16:35:10+00:00" />
<meta property="og:image" content="https://www.arem.fr/wp-content/uploads/2020/03/map-307442-300x161.png" />
<meta name="twitter:card" content="summary_large_image" />
<meta name="twitter:label1" content="Geschätzte Lesezeit" />
	<meta name="twitter:data1" content="1 Minute" />
<script type="application/ld+json" class="yoast-schema-graph">{"@context":"https:\/\/schema.org","@graph":[{"@type":"WebPage","@id":"https:\/\/www.arem.fr\/de\/kontakt\/exportverkaufsservice\/","url":"https:\/\/www.arem.fr\/de\/kontakt\/exportverkaufsservice\/","name":"Exportverkaufsservice - AREM - The Ventilation Performance","isPartOf":{"@id":"https:\/\/www.arem.fr\/de\/#website"},"primaryImageOfPage":{"@id":"https:\/\/www.arem.fr\/de\/kontakt\/exportverkaufsservice\/#primaryimage"},"image":{"@id":"https:\/\/www.arem.fr\/de\/kontakt\/exportverkaufsservice\/#primaryimage"},"thumbnailUrl":"https:\/\/www.arem.fr\/wp-content\/uploads\/2020\/03\/map-307442-300x161.png","datePublished":"2018-06-01T09:23:58+00:00","dateModified":"2022-11-16T16:35:10+00:00","breadcrumb":{"@id":"https:\/\/www.arem.fr\/de\/kontakt\/exportverkaufsservice\/#breadcrumb"},"inLanguage":"de","potentialAction":[{"@type":"ReadAction","target":["https:\/\/www.arem.fr\/de\/kontakt\/exportverkaufsservice\/"]}]},{"@type":"ImageObject","inLanguage":"de","@id":"https:\/\/www.arem.fr\/de\/kontakt\/exportverkaufsservice\/#primaryimage","url":"https:\/\/www.arem.fr\/wp-content\/uploads\/2020\/03\/map-307442-300x161.png","contentUrl":"https:\/\/www.arem.fr\/wp-content\/uploads\/2020\/03\/map-307442-300x161.png"},{"@type":"BreadcrumbList","@id":"https:\/\/www.arem.fr\/de\/kontakt\/exportverkaufsservice\/#breadcrumb","itemListElement":[{"@type":"ListItem","position":1,"name":"Accueil","item":"https:\/\/www.arem.fr\/de\/"},{"@type":"ListItem","position":2,"name":"Kontakt","item":"https:\/\/www.arem.fr\/de\/kontakt\/?lang=de"},{"@type":"ListItem","position":3,"name":"Exportverkaufsservice"}]},{"@type":"WebSite","@id":"https:\/\/www.arem.fr\/de\/#website","url":"https:\/\/www.arem.fr\/de\/","name":"AREM - The Ventilation Performance","description":"Depuis plus de 50 ans, AREM - The Ventilation Performance, vous propose une large gamme de ventilateurs, Hélicoïdaux et Centrifuges","publisher":{"@id":"https:\/\/www.arem.fr\/de\/#organization"},"potentialAction":[{"@type":"SearchAction","target":{"@type":"EntryPoint","urlTemplate":"https:\/\/www.arem.fr\/de\/?s={search_term_string}"},"query-input":{"@type":"PropertyValueSpecification","valueRequired":true,"valueName":"search_term_string"}}],"inLanguage":"de"},{"@type":"Organization","@id":"https:\/\/www.arem.fr\/de\/#organization","name":"AREM - The Ventillation Performance","url":"https:\/\/www.arem.fr\/de\/","logo":{"@type":"ImageObject","inLanguage":"de","@id":"https:\/\/www.arem.fr\/de\/#\/schema\/logo\/image\/","url":"https:\/\/www.arem.fr\/wp-content\/uploads\/2018\/05\/arem-logo.png","contentUrl":"https:\/\/www.arem.fr\/wp-content\/uploads\/2018\/05\/arem-logo.png","width":700,"height":332,"caption":"AREM - The Ventillation Performance"},"image":{"@id":"https:\/\/www.arem.fr\/de\/#\/schema\/logo\/image\/"}}]}</script>
<!-- / Yoast SEO plugin. -->

Présent à l&#8217;international, AREM vous accompagne pour l&#8217;ensemble de vos projets. &nbsp; L&#8217;EQUIPE EXPORT Notre service export est à votre écoute pour toute demande, n&#8217;hésitez pas à nous contacter: Nicolas [&hellip;]

Depuis plus de 50 ans, AREM - The Ventilation Performance, vous propose une large gamme de ventilateurs, Hélicoïdaux et Centrifuges
